of p?
2
Let s be -1*3/3*-2. Suppose 0 = -s*a + r + 3*r - 20, -2 = 5*a + 2*r. List the prime factors of 0 + 28/a*-1.
2, 7
Suppose 2*r - 1 = 6*r - 5*o, -5*o = -2*r + 7. Let c(z) = z**2 + 5*z + 6. Let x be c(r). List the prime factors of 76/12 + x/3.
7
Suppose 0 = -2*b + 39 + 149. Let c = b - 65. What are the prime factors of c?
29
Suppose -4*x = -4*o + 216, -22 = -3*x - 3*o - 208. Let j = 100 + x. What are the prime factors of j?
2, 3, 7
Let y be -5 + (3 - 2/2). Let z(p) = 2*p**2 + 3*p - 1. Let c be z(y). Suppose -2*s = -t + 6*t + c, 2*s - 28 = 4*t. What are the prime factors of s?
2, 3
Suppose 223 = 3*g - 17. What are the prime factors of g?
2, 5
Let f(i) = -3*i**3 - 4*i**2 + 3*i - 4. List the prime factors of f(-4).
2, 7
Let s(b) = -b**3 - 6*b**2 + 2*b - 1. List the prime factors of s(-7).
2, 17
Let x(p) = -3 + 3 + 7*p - 1 + p**2. Let k be x(-7). List the prime factors of 26*k/(-2) - 0.
13
Suppose -6*r - 22 = -4*r. Let h = 13 - r. Suppose -4*f + h = -f. List the prime factors of f.
2
Suppose -1 = s, 4*s + 44 = n - s. What are the prime factors of n?
3, 13
Suppose 0 = 3*z - 21 - 237. List the prime factors of z.
2, 43
What are the prime factors of (10 - -1)/(11 - 10)?
11
Let j = -182 - -590. What are the prime factors of j?
2, 3, 17
Let i(w) = -w**3 - 2*w**2 - w + 2. Let j be i(-2). Suppose -3*q - 3*b + 15 = 0, -5*q - b + 8 = -25. Suppose -q + 39 = j*m. List the prime factors of m.
2
Let l(m) = -m**3 + 8*m**2 - 6*m + 4. What are the prime factors of l(5)?
7
Let r(t) = t. Let y be r(0). Suppose -2*g = -y*g - 10. List the prime factors of g.
5
Let q(h) = 8*h - 5. Let x be q(3). Suppose -2*g + 3*g + 7 = 0. Let z = x + g. List the prime factors of z.
2, 3
Suppose 89 = 2*v - 19. Let d = -68 - -100. Let p = v - d. List the prime factors of p.
2, 11
Let m = 7 + -11. Let c be -1 - m - (1 + 0). Let l(b) = 5*b. List the prime factors of l(c).
2, 5
Suppose -27 - 109 = -4*r. List the prime factors of r.
2, 17
Suppose -4*n - 4*p = -0*p - 120, 3*p - 124 = -4*n. List the prime factors of n.
2, 17
Let h(i) = -i**2 + 9*i - 8. Let j be h(7). Suppose -j*t = -2*t. Suppose o + 0*o - 11 = t. What are the prime factors of o?
11
Suppose 5*v - 3*v - 10 = 0. List the prime factors of v.
5
What are the prime factors of (81/(-4))/(4/(-16))?
3
Suppose 9*b + 517 = 1750. What are the prime factors of b?
137
Let j(w) = w**2 + 4. Let y be j(0). Suppose -30 = -5*d - 4*n + 3*n, -4*d - y*n = -8. Suppose -2*b + d = -b. List the prime factors of b.
7
Suppose 0 = -f + 31 + 9. Suppose 0 = 5*s - f. Let r = s + -2. What are the prime factors of r?
2, 3
Suppose j + 96 = 3*r - r, -r + 66 = 4*j. What are the prime factors of r?
2, 5
Let x(k) be the first derivative of k**5/60 - k**4/12 - k**3/6 + k**2/2 + 4. Let s(z) be the second derivative of x(z). What are the prime factors of s(4)?
7
Suppose -2 = -2*f, 4*d - 1186 = 2*f - 324. What are the prime factors of d?
2, 3
Let n(z) = z + 3*z - 4*z + 9*z**2 + z. What are the prime factors of n(-1)?
2
Let t(i) be the first derivative of i**3/3 - i**2/2 + i - 5. List the prime factors of t(-3).
13
Let o = 345 + -159. List the prime factors of o.
2, 3, 31
Suppose 2*b - 103 = 15. Suppose 116 + b = 5*s. List the prime factors of s.
5, 7
Let n = -29 - -38. Suppose 2*c - c = -6. Let v = c + n. List the prime factors of v.
3
Suppose 5*q = -v + 6*v + 245, -4*v + 147 = 3*q. Let s = q + -32. What are the prime factors of s?
17
Let i = -14 + 18. Suppose 0 = -2*z - 3*c + 2*c + 4, 0 = -c - i. What are the prime factors of z?
2
Let d(k) = -k**3 - 5*k**2 + 6*k - 7. Let g be d(-6). Let y = 9 + g. Suppose 2*a = -y*a + 68. List the prime factors of a.
17
Let d = -14 - -6. Let r(n) = n**3 + 7*n**2 - 10*n - 5. What are the prime factors of r(d)?
11
Let n = 12 + -8. Suppose 49 + 7 = n*q. List the prime factors of q.
2, 7
Let m = 35 - 16. List the prime factors of m.
19
Let w = 8 - 3. List the prime factors of ((-9)/(-5))/(1/w).
3
Let x(y) = y**3 - 5*y**2 + y - 1. Let r be x(5). Suppose 24 = r*w - 2*w. List the prime factors of w.
2, 3
Let z be (1/2)/((-1)/16). List the prime factors of (-21 + 2)/(8/z).
19
Let o be (-14)/(-10) + 8/(-20). Let l = 6 - o. Suppose -1 = -l*h + 44. List the prime factors of h.
3
Let u = 235 + -101. What are the prime factors of u?
2, 67
Suppose 4*n = 9 + 3. What are the prime factors of n + -4 + 1 + 2?
2
Suppose 0 = -4*d - 0*d - 20. Let x(w) = -6 - 3*w + 2*w**2 + 0*w**2 - 4*w - 3*w**2. List the prime factors of x(d).
2
Suppose 3*t + 4 = 4*t. Suppose -2*o + 8 = t. What are the prime factors of o?
2
Suppose x = -5*w + 6, -3*w - w + 30 = 5*x. Let d = 15 + -8. What are the prime factors of 82/d + x/21?
2, 3
Let k(b) = 99*b + 2. List the prime factors of k(1).
101
Let t = -1 - -1. Suppose t = -2*k + 5*m + 21, -2*k - 5*m = -k - 18. List the prime factors of k.
13
Let n = -1 - -3. Suppose n = -a, 0 = -i + 3*a + 8 + 9. What are the prime factors of i?
11
List the prime factors of (-39)/(-6)*16 + 3 + 3.
2, 5, 11
Let h(w) = -w - 2 + 6*w + 7 + 0*w. What are the prime factors of h(6)?
5, 7
Let t(w) = -w**2 - 1. Let v = -5 + 3. Let y(z) = -z**3 - 2*z**2 + 10. Let p(f) = v*t(f) + y(f). What are the prime factors of p(0)?
2, 3
Let q(u) = -23*u - 81. List the prime factors of q(-10).
149
Let z = -24 + 36. List the prime factors of z.
2, 3
Let g(v) = v**2 + 4*v + 6. Let p be g(-6). Suppose -3*d = -6*d. Suppose 0 = -2*s - d*s + p. What are the prime factors of s?
3
Let y(h) = 2*h**3 + 5*h**2 - 5*h - 5. Let z be y(-4). List the prime factors of (-522)/z - (-8)/44.
2
Suppose w + v = -w + 1, -5 = -4*w + v. List the prime factors of 1/2*4/w.
2
Let j = -6 - -10. Let k = 8 - j. Suppose k*u - 2 = 18. List the prime factors of u.
5
Let p(a) = 38*a**3 + a**2 - a + 1. Let n be p(1). Let r = -66 + n. What are the prime factors of (r/(-12))/((-6)/(-16))?
2, 3
Let b(i) = -i**2 + 13*i + 6. List the prime factors of b(6).
2, 3
Let t(a) = a + 7. Let l be t(-10). Let i = -1 - l. List the prime factors of i.
2
List the prime factors of (62/(-3))/((-6)/27).
3, 31
Let z(c) = 32*c**2 + 5. What are the prime factors of z(2)?
7, 19
Let h(y) = 8*y**2 - 6*y + 1. What are the prime factors of h(-4)?
3, 17
Let h(l) = l**3 + l**2 + l + 1. What are the prime factors of h(3)?
2, 5
Let x(p) be the third derivative of p**4/24 - 2*p**3/3 + 2*p**2. List the prime factors of x(8).
2
Let w(f) = -f + 14. Let y be w(10). Suppose 5*g = 2*m + 20, 5*m - y*m - 20 = -5*g. Suppose 16 = g*h - 0*h. List the prime factors of h.
2
Suppose -4*x - 7 - 1 = 0, 2*r + 2*x = -32. List the prime factors of 393/21 + (-4)/r.
19
Let h = 89 - 34. List the prime factors of h.
5, 11
Suppose -2*j + 12 = 2*j. Let f be -3*(11/(-3) + j). What are the prime factors of f - (-10)/(-4)*-2?
7
Let o = 53 - 25. Suppose -2 + o = 2*q. Let v = q + -9. What are the prime factors of v?
2
Let m(x) = 10*x - 8. Suppose 6*g - 35 = -5. What are the prime factors of m(g)?
2, 3, 7
Let y(n) = n**3 + 8*n**2 + 7*n + 6. List the prime factors of y(-5).
2, 23
Suppose -3*g + 224 = -4*k, -g + 2*k + 91 = 13. What are the prime factors of g?
2, 17
Let g(q) = q**3 + 5*q**2 - q - 3. Let h be g(-3). Suppose -4*n - 2*d + 50 = 0, -3*n + 15 = 3*d - h. What are the prime factors of n?
2, 7
Suppose 0 = -0*d - 2*d + 6. Suppose -2*q + 4 = -3*h + 15, 0 = -q - d*h + 17. What are the prime factors of (-2)/4 - (-23)/q?
11
Suppose 9*p - 714 = 3*p. What are the prime factors of p?
7, 17
Let z = -4 + -2. Let g(w) = 2*w - 3. Let j be g(z). Let x = j + 25. What are the prime factors of x?
2, 5
What are the prime factors of (-488)/(-7) - (-3 + (-38)/(-14))?
2, 5, 7
Suppose -3*o + 272 = 2. What are the prime factors of o?
2, 3, 5
Let b = 4 - 3. Let o(n) = -n + 1. Let h(i) = -i - 5. Let z(m) = -h(m) - 6*o(m). What are the prime factors of z(b)?
2, 3
Suppose 0 = 4*v - 9*v + 15. What are the prime factors of v?
3
Let i(q) = -q**3 - q**2 + q + 45. List the prime factors of i(0).
3, 5
Let s be (6/(-10) - -1)*15. Let i(z) = -z**2 + 8*z + 6. What are the prime factors of i(s)?
2, 3
Suppose 2*f - 47 = -3*z + 71, 0 = -5*z + 4*f + 204. Suppose -4*r + 10 = -30. Suppose 5*c - z = r. List the prime factors of c.
2, 5
What are the prime factors of (-4)/(-10) + 168/5?
2, 17
Let j be 32 - (-4 - -3 - 1). Suppose 4*b - j - 26 = 0. What are the prime factors of b?
3, 5
Suppose 58 - 3 